{"id":980,"date":"2019-04-05T15:12:20","date_gmt":"2019-04-05T14:12:20","guid":{"rendered":"http:\/\/medienerbe-ddr.de\/?page_id=980"},"modified":"2021-10-15T09:54:03","modified_gmt":"2021-10-15T08:54:03","slug":"impressum","status":"publish","type":"page","link":"https:\/\/medienerbe-ddr.de\/index.php\/impressum\/","title":{"rendered":"Impressum"},"content":{"rendered":"\n<h2 class=\"wp-block-heading\">Forschungsverbund &#8222;Das mediale Erbe der DDR. Akteure, Aneignung, Tradierung&#8220;<\/h2>\n\n\n\n<p>Ludwig-Maximilians-Universit\u00e4t M\u00fcnchen<br>Institut f\u00fcr Kommunikationswissenschaft und Medienforschung<br>Oettingenstr. 67<br>80538 M\u00fcnchen<\/p>\n\n\n\n<p>Freie Universit\u00e4t Berlin <br>Friedrich-Meinecke-Institut<br>Koserstr. 20<br>14195 Berlin <\/p>\n\n\n\n<p>Zentrum f\u00fcr Zeithistorische Forschung<br>Am Neuen Markt 1<br>14467 Potsdam<\/p>\n\n\n\n<p>F\u00fcr den Inhalt der Homepage ist der Forschungsverbund &#8222;Das mediale Erbe der DDR. Akteure, Aneignung, Tradierung&#8220; verantwortlich.<\/p>\n\n\n\n<p>Inhaltlich verantwortlich gem\u00e4\u00df \u00a7 55 Abs. 2 RStV<br> Michael Meyen<br> Ludwig-Maximilians-Universit\u00e4t M\u00fcnchen<br> Institut f\u00fcr Kommunikationswissenschaft und Medienforschung<br>\nOettingenstr. 67<br>\n80538 M\u00fcnchen<br> Tel.: 089\/2180-9455<\/p>\n\n\n\n<p>Die redaktionelle Betreuung der Homepage liegt bei Daria Gordeeva, die technische Betreuung bei Olaf Berg.<\/p>\n\n\n\n<p><strong>Redaktioneller Kontakt<\/strong><br> Daria Gordeeva<br> Ludwig-Maximilians-Universit\u00e4t<br> Institut f\u00fcr Kommunikationswissenschaft und Medienforschung<br> Oettingenstra\u00dfe 67<br> 80538 M\u00fcnchen<br> Tel.: 089\/2180-9411<br> E-Mail: Daria.Gordeeva@ifkw.lmu.de<\/p>\n\n\n\n<p><strong>Technischer Kontakt<\/strong><br> Olaf Berg<br> Zentrum f\u00fcr Zeithistorische Forschung<br> Am Neuen Markt 1<br> 14467 Potsdam<br> Tel.: 0331\/28991-72<br> E-Mail: olaf.berg@zzf-potsdam.de<\/p>\n\n\n\n<p><strong>Gestaltung<\/strong><br>Olaf Berg<br>Unter Verwendung von WordPress Theme Ribosome<\/p>\n\n\n\n<p>Haftungsausschluss:<br>\nTrotz sorgf\u00e4ltiger inhaltlicher Kontrolle \u00fcbernehmen wir keine Haftung \nf\u00fcr die Inhalte externer Links. F\u00fcr den Inhalt der verlinkten Seiten \nsind ausschlie\u00dflich deren Betreiber verantwortlich.<br>\n<a href=\"http:\/\/www.disclaimer.de\/disclaimer.htm?farbe=FFFFFF\/000000\/000000\/000000\" target=\"_blank\" rel=\"noreferrer noopener\">Haftungsausschluss<\/a><\/p>\n","protected":false},"excerpt":{"rendered":"<p>Forschungsverbund &#8222;Das mediale Erbe der DDR. Akteure, Aneignung, Tradierung&#8220; Ludwig-Maximilians-Universit\u00e4t M\u00fcnchenInstitut f\u00fcr Kommunikationswissenschaft und MedienforschungOettingenstr. 6780538 M\u00fcnchen Freie Universit\u00e4t Berlin Friedrich-Meinecke-InstitutKoserstr. 2014195 Berlin Zentrum f\u00fcr Zeithistorische ForschungAm Neuen Markt 114467&#8230; <a href=\"https:\/\/medienerbe-ddr.de\/index.php\/impressum\/\">Read more &raquo;<\/a><\/p>\n","protected":false},"author":2,"featured_media":0,"parent":0,"menu_order":0,"comment_status":"closed","ping_status":"closed","template":"","meta":{"_acf_changed":false,"footnotes":""},"class_list":["post-980","page","type-page","status-publish","hentry"],"acf":[],"yoast_head":"<!-- This site is optimized with the Yoast SEO plugin v27.4 - https:\/\/yoast.com\/product\/yoast-seo-wordpress\/ -->\n<title>Impressum - Das mediale Erbe der DDR<\/title>\n<meta name=\"robots\" content=\"index, follow, max-snippet:-1, max-image-preview:large, max-video-preview:-1\" \/>\n<link rel=\"canonical\" href=\"https:\/\/medienerbe-ddr.de\/index.php\/impressum\/\" \/>\n<meta property=\"og:locale\" content=\"de_DE\" \/>\n<meta property=\"og:type\" content=\"article\" \/>\n<meta property=\"og:title\" content=\"Impressum - Das mediale Erbe der DDR\" \/>\n<meta property=\"og:description\" content=\"Forschungsverbund &#8222;Das mediale Erbe der DDR. Akteure, Aneignung, Tradierung&#8220; Ludwig-Maximilians-Universit\u00e4t M\u00fcnchenInstitut f\u00fcr Kommunikationswissenschaft und MedienforschungOettingenstr. 6780538 M\u00fcnchen Freie Universit\u00e4t Berlin Friedrich-Meinecke-InstitutKoserstr. 2014195 Berlin Zentrum f\u00fcr Zeithistorische ForschungAm Neuen Markt 114467... Read more &raquo;\" \/>\n<meta property=\"og:url\" content=\"https:\/\/medienerbe-ddr.de\/index.php\/impressum\/\" \/>\n<meta property=\"og:site_name\" content=\"Das mediale Erbe der DDR\" \/>\n<meta property=\"article:modified_time\" content=\"2021-10-15T08:54:03+00:00\" \/>\n<meta name=\"twitter:card\" content=\"summary_large_image\" \/>\n<meta name=\"twitter:label1\" content=\"Gesch\u00e4tzte Lesezeit\" \/>\n\t<meta name=\"twitter:data1\" content=\"1\u00a0Minute\" \/>\n<script type=\"application\/ld+json\" class=\"yoast-schema-graph\">{\"@context\":\"https:\\\/\\\/schema.org\",\"@graph\":[{\"@type\":\"WebPage\",\"@id\":\"https:\\\/\\\/medienerbe-ddr.de\\\/index.php\\\/impressum\\\/\",\"url\":\"https:\\\/\\\/medienerbe-ddr.de\\\/index.php\\\/impressum\\\/\",\"name\":\"Impressum - Das mediale Erbe der DDR\",\"isPartOf\":{\"@id\":\"https:\\\/\\\/medienerbe-ddr.de\\\/#website\"},\"datePublished\":\"2019-04-05T14:12:20+00:00\",\"dateModified\":\"2021-10-15T08:54:03+00:00\",\"breadcrumb\":{\"@id\":\"https:\\\/\\\/medienerbe-ddr.de\\\/index.php\\\/impressum\\\/#breadcrumb\"},\"inLanguage\":\"de\",\"potentialAction\":[{\"@type\":\"ReadAction\",\"target\":[\"https:\\\/\\\/medienerbe-ddr.de\\\/index.php\\\/impressum\\\/\"]}]},{\"@type\":\"BreadcrumbList\",\"@id\":\"https:\\\/\\\/medienerbe-ddr.de\\\/index.php\\\/impressum\\\/#breadcrumb\",\"itemListElement\":[{\"@type\":\"ListItem\",\"position\":1,\"name\":\"Startseite\",\"item\":\"https:\\\/\\\/medienerbe-ddr.de\\\/\"},{\"@type\":\"ListItem\",\"position\":2,\"name\":\"Impressum\"}]},{\"@type\":\"WebSite\",\"@id\":\"https:\\\/\\\/medienerbe-ddr.de\\\/#website\",\"url\":\"https:\\\/\\\/medienerbe-ddr.de\\\/\",\"name\":\"Das mediale Erbe der DDR\",\"description\":\"Akteure, Aneignung, Tradierung\",\"publisher\":{\"@id\":\"https:\\\/\\\/medienerbe-ddr.de\\\/#organization\"},\"potentialAction\":[{\"@type\":\"SearchAction\",\"target\":{\"@type\":\"EntryPoint\",\"urlTemplate\":\"https:\\\/\\\/medienerbe-ddr.de\\\/?s={search_term_string}\"},\"query-input\":{\"@type\":\"PropertyValueSpecification\",\"valueRequired\":true,\"valueName\":\"search_term_string\"}}],\"inLanguage\":\"de\"},{\"@type\":\"Organization\",\"@id\":\"https:\\\/\\\/medienerbe-ddr.de\\\/#organization\",\"name\":\"Forschungsverbund Das mediale Erbe der DDR\",\"url\":\"https:\\\/\\\/medienerbe-ddr.de\\\/\",\"logo\":{\"@type\":\"ImageObject\",\"inLanguage\":\"de\",\"@id\":\"https:\\\/\\\/medienerbe-ddr.de\\\/#\\\/schema\\\/logo\\\/image\\\/\",\"url\":\"https:\\\/\\\/medienerbe-ddr.de\\\/wp-content\\\/uploads\\\/2019\\\/03\\\/LogoDDR_27mm-hg-weiss.png\",\"contentUrl\":\"https:\\\/\\\/medienerbe-ddr.de\\\/wp-content\\\/uploads\\\/2019\\\/03\\\/LogoDDR_27mm-hg-weiss.png\",\"width\":319,\"height\":305,\"caption\":\"Forschungsverbund Das mediale Erbe der DDR\"},\"image\":{\"@id\":\"https:\\\/\\\/medienerbe-ddr.de\\\/#\\\/schema\\\/logo\\\/image\\\/\"}}]}<\/script>\n<!-- \/ Yoast SEO plugin. -->","yoast_head_json":{"title":"Impressum - Das mediale Erbe der DDR","robots":{"index":"index","follow":"follow","max-snippet":"max-snippet:-1","max-image-preview":"max-image-preview:large","max-video-preview":"max-video-preview:-1"},"canonical":"https:\/\/medienerbe-ddr.de\/index.php\/impressum\/","og_locale":"de_DE","og_type":"article","og_title":"Impressum - Das mediale Erbe der DDR","og_description":"Forschungsverbund &#8222;Das mediale Erbe der DDR. Akteure, Aneignung, Tradierung&#8220; Ludwig-Maximilians-Universit\u00e4t M\u00fcnchenInstitut f\u00fcr Kommunikationswissenschaft und MedienforschungOettingenstr. 6780538 M\u00fcnchen Freie Universit\u00e4t Berlin Friedrich-Meinecke-InstitutKoserstr. 2014195 Berlin Zentrum f\u00fcr Zeithistorische ForschungAm Neuen Markt 114467... Read more &raquo;","og_url":"https:\/\/medienerbe-ddr.de\/index.php\/impressum\/","og_site_name":"Das mediale Erbe der DDR","article_modified_time":"2021-10-15T08:54:03+00:00","twitter_card":"summary_large_image","twitter_misc":{"Gesch\u00e4tzte Lesezeit":"1\u00a0Minute"},"schema":{"@context":"https:\/\/schema.org","@graph":[{"@type":"WebPage","@id":"https:\/\/medienerbe-ddr.de\/index.php\/impressum\/","url":"https:\/\/medienerbe-ddr.de\/index.php\/impressum\/","name":"Impressum - Das mediale Erbe der DDR","isPartOf":{"@id":"https:\/\/medienerbe-ddr.de\/#website"},"datePublished":"2019-04-05T14:12:20+00:00","dateModified":"2021-10-15T08:54:03+00:00","breadcrumb":{"@id":"https:\/\/medienerbe-ddr.de\/index.php\/impressum\/#breadcrumb"},"inLanguage":"de","potentialAction":[{"@type":"ReadAction","target":["https:\/\/medienerbe-ddr.de\/index.php\/impressum\/"]}]},{"@type":"BreadcrumbList","@id":"https:\/\/medienerbe-ddr.de\/index.php\/impressum\/#breadcrumb","itemListElement":[{"@type":"ListItem","position":1,"name":"Startseite","item":"https:\/\/medienerbe-ddr.de\/"},{"@type":"ListItem","position":2,"name":"Impressum"}]},{"@type":"WebSite","@id":"https:\/\/medienerbe-ddr.de\/#website","url":"https:\/\/medienerbe-ddr.de\/","name":"Das mediale Erbe der DDR","description":"Akteure, Aneignung, Tradierung","publisher":{"@id":"https:\/\/medienerbe-ddr.de\/#organization"},"potentialAction":[{"@type":"SearchAction","target":{"@type":"EntryPoint","urlTemplate":"https:\/\/medienerbe-ddr.de\/?s={search_term_string}"},"query-input":{"@type":"PropertyValueSpecification","valueRequired":true,"valueName":"search_term_string"}}],"inLanguage":"de"},{"@type":"Organization","@id":"https:\/\/medienerbe-ddr.de\/#organization","name":"Forschungsverbund Das mediale Erbe der DDR","url":"https:\/\/medienerbe-ddr.de\/","logo":{"@type":"ImageObject","inLanguage":"de","@id":"https:\/\/medienerbe-ddr.de\/#\/schema\/logo\/image\/","url":"https:\/\/medienerbe-ddr.de\/wp-content\/uploads\/2019\/03\/LogoDDR_27mm-hg-weiss.png","contentUrl":"https:\/\/medienerbe-ddr.de\/wp-content\/uploads\/2019\/03\/LogoDDR_27mm-hg-weiss.png","width":319,"height":305,"caption":"Forschungsverbund Das mediale Erbe der DDR"},"image":{"@id":"https:\/\/medienerbe-ddr.de\/#\/schema\/logo\/image\/"}}]}},"_links":{"self":[{"href":"https:\/\/medienerbe-ddr.de\/index.php\/wp-json\/wp\/v2\/pages\/980","targetHints":{"allow":["GET"]}}],"collection":[{"href":"https:\/\/medienerbe-ddr.de\/index.php\/wp-json\/wp\/v2\/pages"}],"about":[{"href":"https:\/\/medienerbe-ddr.de\/index.php\/wp-json\/wp\/v2\/types\/page"}],"author":[{"embeddable":true,"href":"https:\/\/medienerbe-ddr.de\/index.php\/wp-json\/wp\/v2\/users\/2"}],"replies":[{"embeddable":true,"href":"https:\/\/medienerbe-ddr.de\/index.php\/wp-json\/wp\/v2\/comments?post=980"}],"version-history":[{"count":4,"href":"https:\/\/medienerbe-ddr.de\/index.php\/wp-json\/wp\/v2\/pages\/980\/revisions"}],"predecessor-version":[{"id":1268,"href":"https:\/\/medienerbe-ddr.de\/index.php\/wp-json\/wp\/v2\/pages\/980\/revisions\/1268"}],"wp:attachment":[{"href":"https:\/\/medienerbe-ddr.de\/index.php\/wp-json\/wp\/v2\/media?parent=980"}],"curies":[{"name":"wp","href":"https:\/\/api.w.org\/{rel}","templated":true}]}}

<h2 class="wp-block-heading">Forschungsverbund &#8222;Das mediale Erbe der DDR. Akteure, Aneignung, Tradierung&#8220;</h2>



<p>Ludwig-Maximilians-Universität München<br>Institut für Kommunikationswissenschaft und Medienforschung<br>Oettingenstr. 67<br>80538 München</p>



<p>Freie Universität Berlin <br>Friedrich-Meinecke-Institut<br>Koserstr. 20<br>14195 Berlin </p>



<p>Zentrum für Zeithistorische Forschung<br>Am Neuen Markt 1<br>14467 Potsdam</p>



<p>Für den Inhalt der Homepage ist der Forschungsverbund &#8222;Das mediale Erbe der DDR. Akteure, Aneignung, Tradierung&#8220; verantwortlich.</p>



<p>Inhaltlich verantwortlich gemäß § 55 Abs. 2 RStV<br> Michael Meyen<br> Ludwig-Maximilians-Universität München<br> Institut für Kommunikationswissenschaft und Medienforschung<br>
Oettingenstr. 67<br>
80538 München<br> Tel.: 089/2180-9455</p>



<p>Die redaktionelle Betreuung der Homepage liegt bei Daria Gordeeva, die technische Betreuung bei Olaf Berg.</p>



<p><strong>Redaktioneller Kontakt</strong><br> Daria Gordeeva<br> Ludwig-Maximilians-Universität<br> Institut für Kommunikationswissenschaft und Medienforschung<br> Oettingenstraße 67<br> 80538 München<br> Tel.: 089/2180-9411<br> E-Mail: Daria.Gordeeva@ifkw.lmu.de</p>



<p><strong>Technischer Kontakt</strong><br> Olaf Berg<br> Zentrum für Zeithistorische Forschung<br> Am Neuen Markt 1<br> 14467 Potsdam<br> Tel.: 0331/28991-72<br> E-Mail: olaf.berg@zzf-potsdam.de</p>



<p><strong>Gestaltung</strong><br>Olaf Berg<br>Unter Verwendung von WordPress Theme Ribosome</p>



<p>Haftungsausschluss:<br>
Trotz sorgfältiger inhaltlicher Kontrolle übernehmen wir keine Haftung 
für die Inhalte externer Links. Für den Inhalt der verlinkten Seiten 
sind ausschließlich deren Betreiber verantwortlich.<br>
<a href="http://www.disclaimer.de/disclaimer.htm?farbe=FFFFFF/000000/000000/000000" target="_blank" rel="noreferrer noopener">Haftungsausschluss</a></p>

<p>Forschungsverbund &#8222;Das mediale Erbe der DDR. Akteure, Aneignung, Tradierung&#8220; Ludwig-Maximilians-Universität MünchenInstitut für Kommunikationswissenschaft und MedienforschungOettingenstr. 6780538 München Freie Universität Berlin Friedrich-Meinecke-InstitutKoserstr. 2014195 Berlin Zentrum für Zeithistorische ForschungAm Neuen Markt 114467&#8230; <a href="https://medienerbe-ddr.de/index.php/impressum/">Read more &raquo;</a></p>

<!-- This site is optimized with the Yoast SEO plugin v27.4 - https://yoast.com/product/yoast-seo-wordpress/ -->
<title>Impressum - Das mediale Erbe der DDR</title>
<meta name="robots" content="index, follow, max-snippet:-1, max-image-preview:large, max-video-preview:-1" />
<link rel="canonical" href="https://medienerbe-ddr.de/index.php/impressum/" />
<meta property="og:locale" content="de_DE" />
<meta property="og:type" content="article" />
<meta property="og:title" content="Impressum - Das mediale Erbe der DDR" />
<meta property="og:description" content="Forschungsverbund &#8222;Das mediale Erbe der DDR. Akteure, Aneignung, Tradierung&#8220; Ludwig-Maximilians-Universität MünchenInstitut für Kommunikationswissenschaft und MedienforschungOettingenstr. 6780538 München Freie Universität Berlin Friedrich-Meinecke-InstitutKoserstr. 2014195 Berlin Zentrum für Zeithistorische ForschungAm Neuen Markt 114467... Read more &raquo;" />
<meta property="og:url" content="https://medienerbe-ddr.de/index.php/impressum/" />
<meta property="og:site_name" content="Das mediale Erbe der DDR" />
<meta property="article:modified_time" content="2021-10-15T08:54:03+00:00" />
<meta name="twitter:card" content="summary_large_image" />
<meta name="twitter:label1" content="Geschätzte Lesezeit" />
	<meta name="twitter:data1" content="1 Minute" />
<script type="application/ld+json" class="yoast-schema-graph">{"@context":"https:\/\/schema.org","@graph":[{"@type":"WebPage","@id":"https:\/\/medienerbe-ddr.de\/index.php\/impressum\/","url":"https:\/\/medienerbe-ddr.de\/index.php\/impressum\/","name":"Impressum - Das mediale Erbe der DDR","isPartOf":{"@id":"https:\/\/medienerbe-ddr.de\/#website"},"datePublished":"2019-04-05T14:12:20+00:00","dateModified":"2021-10-15T08:54:03+00:00","breadcrumb":{"@id":"https:\/\/medienerbe-ddr.de\/index.php\/impressum\/#breadcrumb"},"inLanguage":"de","potentialAction":[{"@type":"ReadAction","target":["https:\/\/medienerbe-ddr.de\/index.php\/impressum\/"]}]},{"@type":"BreadcrumbList","@id":"https:\/\/medienerbe-ddr.de\/index.php\/impressum\/#breadcrumb","itemListElement":[{"@type":"ListItem","position":1,"name":"Startseite","item":"https:\/\/medienerbe-ddr.de\/"},{"@type":"ListItem","position":2,"name":"Impressum"}]},{"@type":"WebSite","@id":"https:\/\/medienerbe-ddr.de\/#website","url":"https:\/\/medienerbe-ddr.de\/","name":"Das mediale Erbe der DDR","description":"Akteure, Aneignung, Tradierung","publisher":{"@id":"https:\/\/medienerbe-ddr.de\/#organization"},"potentialAction":[{"@type":"SearchAction","target":{"@type":"EntryPoint","urlTemplate":"https:\/\/medienerbe-ddr.de\/?s={search_term_string}"},"query-input":{"@type":"PropertyValueSpecification","valueRequired":true,"valueName":"search_term_string"}}],"inLanguage":"de"},{"@type":"Organization","@id":"https:\/\/medienerbe-ddr.de\/#organization","name":"Forschungsverbund Das mediale Erbe der DDR","url":"https:\/\/medienerbe-ddr.de\/","logo":{"@type":"ImageObject","inLanguage":"de","@id":"https:\/\/medienerbe-ddr.de\/#\/schema\/logo\/image\/","url":"https:\/\/medienerbe-ddr.de\/wp-content\/uploads\/2019\/03\/LogoDDR_27mm-hg-weiss.png","contentUrl":"https:\/\/medienerbe-ddr.de\/wp-content\/uploads\/2019\/03\/LogoDDR_27mm-hg-weiss.png","width":319,"height":305,"caption":"Forschungsverbund Das mediale Erbe der DDR"},"image":{"@id":"https:\/\/medienerbe-ddr.de\/#\/schema\/logo\/image\/"}}]}</script>
<!-- / Yoast SEO plugin. -->

Forschungsverbund &#8222;Das mediale Erbe der DDR. Akteure, Aneignung, Tradierung&#8220; Ludwig-Maximilians-Universität MünchenInstitut für Kommunikationswissenschaft und MedienforschungOettingenstr. 6780538 München Freie Universität Berlin Friedrich-Meinecke-InstitutKoserstr. 2014195 Berlin Zentrum für Zeithistorische ForschungAm Neuen Markt 114467... Read more &raquo;
