{"id":1476,"date":"2023-10-20T13:25:32","date_gmt":"2023-10-20T12:25:32","guid":{"rendered":"https:\/\/medienerbe-ddr.de\/?page_id=1476"},"modified":"2025-10-13T11:21:09","modified_gmt":"2025-10-13T10:21:09","slug":"berliner-zeitung","status":"publish","type":"page","link":"https:\/\/medienerbe-ddr.de\/index.php\/berliner-zeitung\/","title":{"rendered":"Berliner Zeitung"},"content":{"rendered":"\n<p><em>Projektleitung: Prof. Dr. Maria L\u00f6blich (FU)<br>Bearbeiterin: Dr. Elisa Pollack<\/em><\/p>\n\n\n\n<div class=\"wp-block-cover aligncenter is-light has-custom-content-position is-position-top-right\"><img loading=\"lazy\" decoding=\"async\" width=\"750\" height=\"600\" class=\"wp-block-cover__image-background wp-image-1475\" alt=\"\" src=\"https:\/\/medienerbe-ddr.de\/wp-content\/uploads\/2023\/10\/Berliner-Zeitung.jpg\" data-object-fit=\"cover\" srcset=\"https:\/\/medienerbe-ddr.de\/wp-content\/uploads\/2023\/10\/Berliner-Zeitung.jpg 750w, https:\/\/medienerbe-ddr.de\/wp-content\/uploads\/2023\/10\/Berliner-Zeitung-300x240.jpg 300w, https:\/\/medienerbe-ddr.de\/wp-content\/uploads\/2023\/10\/Berliner-Zeitung-624x499.jpg 624w\" sizes=\"auto, (max-width: 750px) 100vw, 750px\" \/><span aria-hidden=\"true\" class=\"wp-block-cover__background has-background-dim-0 has-background-dim\"><\/span><div class=\"wp-block-cover__inner-container is-layout-flow wp-block-cover-is-layout-flow\">\n<p class=\"has-text-align-right has-white-color has-text-color has-link-color has-small-font-size wp-elements-bc89e60445cddb5b50fb2a28ce322ec5\">Haus des Berliner Verlags am Alexanderplatz (Stand: 2013)<br>Quelle: Arild V\u00e5gen, CC BY-SA 3.0 <br>&lt;https:\/\/creativecommons.org\/licenses\/by-sa\/3.0&gt;, <br>via Wikimedia Commons<\/p>\n<\/div><\/div>\n\n\n\n<p>Die&nbsp;<em>Berliner Zeitung<\/em>&nbsp;hat aus Sicht mancher Ostdeutscher nach der Wende nur noch \u201eEinheitsso\u00dfe\u201c geliefert. F\u00fcr andere ist das Blatt nach wie vor eine Stimme des Ostens. Nicht wenige Menschen aus Westberlin verbinden mit der Zeitung immer noch irgendwie DDR. Was haben diese Zuschreibungen mit den Personen zu tun, die seit der Wende in der Redaktion gearbeitet haben? Wie passen diese Wahrnehmungen zu dem Ost-West-Labor, das die Redaktion der&nbsp;<em>Berliner Zeitung<\/em>&nbsp;in der Nachwendezeit gewesen sein soll?<\/p>\n\n\n\n<p>Das Projekt untersucht die Geschichte der&nbsp;<em>Berliner Zeitung <\/em>seit der Wende als kollektive Identit\u00e4tsgeschichte und stellt dabei die Redaktion in den Vordergrund. Wie sah dort die Zusammenarbeit zwischen Ost und West aus? Das Projekt m\u00f6chte das Bewusstsein f\u00fcr die aktive Ausgestaltung des medialen Erbes der DDR in der Nachwendezeit sch\u00e4rfen. Das Beispiel der&nbsp;<em>Berliner Zeitung<\/em> erlaubt es, der Verteilung von Diskursmacht zwischen Ost und West nachzugehen und damit auch den vertanen oder ergriffenen Chancen, \u00fcber ein Medienangebot f\u00fcr ein \u201ereales Gespr\u00e4ch zwischen West- und Ostdeutschland\u201c (Klaus Wolfram) zu sorgen.<\/p>\n\n\n\n<h2 class=\"wp-block-heading\">Publikationen<\/h2>\n\n\n\n<figure class=\"wp-block-image size-large is-resized\"><img loading=\"lazy\" decoding=\"async\" width=\"683\" height=\"1024\" src=\"https:\/\/medienerbe-ddr.de\/wp-content\/uploads\/2025\/10\/9783869627229_hp-683x1024.jpg\" alt=\"\" class=\"wp-image-1761\" style=\"width:140px\" srcset=\"https:\/\/medienerbe-ddr.de\/wp-content\/uploads\/2025\/10\/9783869627229_hp-683x1024.jpg 683w, https:\/\/medienerbe-ddr.de\/wp-content\/uploads\/2025\/10\/9783869627229_hp-200x300.jpg 200w, https:\/\/medienerbe-ddr.de\/wp-content\/uploads\/2025\/10\/9783869627229_hp-624x936.jpg 624w, https:\/\/medienerbe-ddr.de\/wp-content\/uploads\/2025\/10\/9783869627229_hp.jpg 750w\" sizes=\"auto, (max-width: 683px) 100vw, 683px\" \/><\/figure>\n\n\n\n<ul class=\"wp-block-list\">\n<li>Maria L\u00f6blich, Elisa Pollack:&nbsp;<em><a href=\"https:\/\/www.halem-verlag.de\/produkt\/ein-ost-west-labor\/\" target=\"_blank\" rel=\"noreferrer noopener\">Ein Ost-West-Labor? Die Redaktion der Berliner Zeitung zwischen 1989 und 2020.<\/a><\/em>&nbsp;K\u00f6ln 2025.<\/li>\n\n\n\n<li>Maria L\u00f6blich, Elisa Pollack: Unequal Media Worlds: East Berlin Media Criticism after 1990.&nbsp;In:&nbsp;<em>Javnost \u2013 The Public<\/em>&nbsp;(i.E., 2025).<\/li>\n\n\n\n<li>Maria L\u00f6blich: Die Berliner Zeitung und die ostdeutsche \u00d6ffentlichkeit. In: Gabriele Mehling, Kristina Wied, Michael Wild (Hg.):&nbsp;<em>Medien bewahren und ver\u00e4ndern. Festschrift f\u00fcr Rudolf St\u00f6ber<\/em>, S. 413\u2013428, Berlin 2025.<\/li>\n<\/ul>\n","protected":false},"excerpt":{"rendered":"<p>Projektleitung: Prof. Dr. Maria L\u00f6blich (FU)Bearbeiterin: Dr. Elisa Pollack Die&nbsp;Berliner Zeitung&nbsp;hat aus Sicht mancher Ostdeutscher nach der Wende nur noch \u201eEinheitsso\u00dfe\u201c geliefert. F\u00fcr andere ist das Blatt nach wie vor&#8230; <a href=\"https:\/\/medienerbe-ddr.de\/index.php\/berliner-zeitung\/\">Read more &raquo;<\/a><\/p>\n","protected":false},"author":4,"featured_media":0,"parent":0,"menu_order":0,"comment_status":"closed","ping_status":"closed","template":"page-templates\/full-width.php","meta":{"_acf_changed":false,"footnotes":""},"class_list":["post-1476","page","type-page","status-publish","hentry"],"acf":[],"yoast_head":"<!-- This site is optimized with the Yoast SEO plugin v27.4 - https:\/\/yoast.com\/product\/yoast-seo-wordpress\/ -->\n<title>Berliner Zeitung - Das mediale Erbe der DDR<\/title>\n<meta name=\"robots\" content=\"index, follow, max-snippet:-1, max-image-preview:large, max-video-preview:-1\" \/>\n<link rel=\"canonical\" href=\"https:\/\/medienerbe-ddr.de\/index.php\/berliner-zeitung\/\" \/>\n<meta property=\"og:locale\" content=\"de_DE\" \/>\n<meta property=\"og:type\" content=\"article\" \/>\n<meta property=\"og:title\" content=\"Berliner Zeitung - Das mediale Erbe der DDR\" \/>\n<meta property=\"og:description\" content=\"Projektleitung: Prof. Dr. Maria L\u00f6blich (FU)Bearbeiterin: Dr. Elisa Pollack Die&nbsp;Berliner Zeitung&nbsp;hat aus Sicht mancher Ostdeutscher nach der Wende nur noch \u201eEinheitsso\u00dfe\u201c geliefert. F\u00fcr andere ist das Blatt nach wie vor... Read more &raquo;\" \/>\n<meta property=\"og:url\" content=\"https:\/\/medienerbe-ddr.de\/index.php\/berliner-zeitung\/\" \/>\n<meta property=\"og:site_name\" content=\"Das mediale Erbe der DDR\" \/>\n<meta property=\"article:modified_time\" content=\"2025-10-13T10:21:09+00:00\" \/>\n<meta property=\"og:image\" content=\"https:\/\/medienerbe-ddr.de\/wp-content\/uploads\/2023\/10\/Berliner-Zeitung.jpg\" \/>\n\t<meta property=\"og:image:width\" content=\"750\" \/>\n\t<meta property=\"og:image:height\" content=\"600\" \/>\n\t<meta property=\"og:image:type\" content=\"image\/jpeg\" \/>\n<meta name=\"twitter:card\" content=\"summary_large_image\" \/>\n<meta name=\"twitter:label1\" content=\"Gesch\u00e4tzte Lesezeit\" \/>\n\t<meta name=\"twitter:data1\" content=\"2\u00a0Minuten\" \/>\n<script type=\"application\/ld+json\" class=\"yoast-schema-graph\">{\"@context\":\"https:\\\/\\\/schema.org\",\"@graph\":[{\"@type\":\"WebPage\",\"@id\":\"https:\\\/\\\/medienerbe-ddr.de\\\/index.php\\\/berliner-zeitung\\\/\",\"url\":\"https:\\\/\\\/medienerbe-ddr.de\\\/index.php\\\/berliner-zeitung\\\/\",\"name\":\"Berliner Zeitung - Das mediale Erbe der DDR\",\"isPartOf\":{\"@id\":\"https:\\\/\\\/medienerbe-ddr.de\\\/#website\"},\"primaryImageOfPage\":{\"@id\":\"https:\\\/\\\/medienerbe-ddr.de\\\/index.php\\\/berliner-zeitung\\\/#primaryimage\"},\"image\":{\"@id\":\"https:\\\/\\\/medienerbe-ddr.de\\\/index.php\\\/berliner-zeitung\\\/#primaryimage\"},\"thumbnailUrl\":\"https:\\\/\\\/medienerbe-ddr.de\\\/wp-content\\\/uploads\\\/2023\\\/10\\\/Berliner-Zeitung.jpg\",\"datePublished\":\"2023-10-20T12:25:32+00:00\",\"dateModified\":\"2025-10-13T10:21:09+00:00\",\"breadcrumb\":{\"@id\":\"https:\\\/\\\/medienerbe-ddr.de\\\/index.php\\\/berliner-zeitung\\\/#breadcrumb\"},\"inLanguage\":\"de\",\"potentialAction\":[{\"@type\":\"ReadAction\",\"target\":[\"https:\\\/\\\/medienerbe-ddr.de\\\/index.php\\\/berliner-zeitung\\\/\"]}]},{\"@type\":\"ImageObject\",\"inLanguage\":\"de\",\"@id\":\"https:\\\/\\\/medienerbe-ddr.de\\\/index.php\\\/berliner-zeitung\\\/#primaryimage\",\"url\":\"https:\\\/\\\/medienerbe-ddr.de\\\/wp-content\\\/uploads\\\/2023\\\/10\\\/Berliner-Zeitung.jpg\",\"contentUrl\":\"https:\\\/\\\/medienerbe-ddr.de\\\/wp-content\\\/uploads\\\/2023\\\/10\\\/Berliner-Zeitung.jpg\",\"width\":750,\"height\":600},{\"@type\":\"BreadcrumbList\",\"@id\":\"https:\\\/\\\/medienerbe-ddr.de\\\/index.php\\\/berliner-zeitung\\\/#breadcrumb\",\"itemListElement\":[{\"@type\":\"ListItem\",\"position\":1,\"name\":\"Startseite\",\"item\":\"https:\\\/\\\/medienerbe-ddr.de\\\/\"},{\"@type\":\"ListItem\",\"position\":2,\"name\":\"Berliner Zeitung\"}]},{\"@type\":\"WebSite\",\"@id\":\"https:\\\/\\\/medienerbe-ddr.de\\\/#website\",\"url\":\"https:\\\/\\\/medienerbe-ddr.de\\\/\",\"name\":\"Das mediale Erbe der DDR\",\"description\":\"Akteure, Aneignung, Tradierung\",\"publisher\":{\"@id\":\"https:\\\/\\\/medienerbe-ddr.de\\\/#organization\"},\"potentialAction\":[{\"@type\":\"SearchAction\",\"target\":{\"@type\":\"EntryPoint\",\"urlTemplate\":\"https:\\\/\\\/medienerbe-ddr.de\\\/?s={search_term_string}\"},\"query-input\":{\"@type\":\"PropertyValueSpecification\",\"valueRequired\":true,\"valueName\":\"search_term_string\"}}],\"inLanguage\":\"de\"},{\"@type\":\"Organization\",\"@id\":\"https:\\\/\\\/medienerbe-ddr.de\\\/#organization\",\"name\":\"Forschungsverbund Das mediale Erbe der DDR\",\"url\":\"https:\\\/\\\/medienerbe-ddr.de\\\/\",\"logo\":{\"@type\":\"ImageObject\",\"inLanguage\":\"de\",\"@id\":\"https:\\\/\\\/medienerbe-ddr.de\\\/#\\\/schema\\\/logo\\\/image\\\/\",\"url\":\"https:\\\/\\\/medienerbe-ddr.de\\\/wp-content\\\/uploads\\\/2019\\\/03\\\/LogoDDR_27mm-hg-weiss.png\",\"contentUrl\":\"https:\\\/\\\/medienerbe-ddr.de\\\/wp-content\\\/uploads\\\/2019\\\/03\\\/LogoDDR_27mm-hg-weiss.png\",\"width\":319,\"height\":305,\"caption\":\"Forschungsverbund Das mediale Erbe der DDR\"},\"image\":{\"@id\":\"https:\\\/\\\/medienerbe-ddr.de\\\/#\\\/schema\\\/logo\\\/image\\\/\"}}]}<\/script>\n<!-- \/ Yoast SEO plugin. -->","yoast_head_json":{"title":"Berliner Zeitung - Das mediale Erbe der DDR","robots":{"index":"index","follow":"follow","max-snippet":"max-snippet:-1","max-image-preview":"max-image-preview:large","max-video-preview":"max-video-preview:-1"},"canonical":"https:\/\/medienerbe-ddr.de\/index.php\/berliner-zeitung\/","og_locale":"de_DE","og_type":"article","og_title":"Berliner Zeitung - Das mediale Erbe der DDR","og_description":"Projektleitung: Prof. Dr. Maria L\u00f6blich (FU)Bearbeiterin: Dr. Elisa Pollack Die&nbsp;Berliner Zeitung&nbsp;hat aus Sicht mancher Ostdeutscher nach der Wende nur noch \u201eEinheitsso\u00dfe\u201c geliefert. F\u00fcr andere ist das Blatt nach wie vor... Read more &raquo;","og_url":"https:\/\/medienerbe-ddr.de\/index.php\/berliner-zeitung\/","og_site_name":"Das mediale Erbe der DDR","article_modified_time":"2025-10-13T10:21:09+00:00","og_image":[{"width":750,"height":600,"url":"https:\/\/medienerbe-ddr.de\/wp-content\/uploads\/2023\/10\/Berliner-Zeitung.jpg","type":"image\/jpeg"}],"twitter_card":"summary_large_image","twitter_misc":{"Gesch\u00e4tzte Lesezeit":"2\u00a0Minuten"},"schema":{"@context":"https:\/\/schema.org","@graph":[{"@type":"WebPage","@id":"https:\/\/medienerbe-ddr.de\/index.php\/berliner-zeitung\/","url":"https:\/\/medienerbe-ddr.de\/index.php\/berliner-zeitung\/","name":"Berliner Zeitung - Das mediale Erbe der DDR","isPartOf":{"@id":"https:\/\/medienerbe-ddr.de\/#website"},"primaryImageOfPage":{"@id":"https:\/\/medienerbe-ddr.de\/index.php\/berliner-zeitung\/#primaryimage"},"image":{"@id":"https:\/\/medienerbe-ddr.de\/index.php\/berliner-zeitung\/#primaryimage"},"thumbnailUrl":"https:\/\/medienerbe-ddr.de\/wp-content\/uploads\/2023\/10\/Berliner-Zeitung.jpg","datePublished":"2023-10-20T12:25:32+00:00","dateModified":"2025-10-13T10:21:09+00:00","breadcrumb":{"@id":"https:\/\/medienerbe-ddr.de\/index.php\/berliner-zeitung\/#breadcrumb"},"inLanguage":"de","potentialAction":[{"@type":"ReadAction","target":["https:\/\/medienerbe-ddr.de\/index.php\/berliner-zeitung\/"]}]},{"@type":"ImageObject","inLanguage":"de","@id":"https:\/\/medienerbe-ddr.de\/index.php\/berliner-zeitung\/#primaryimage","url":"https:\/\/medienerbe-ddr.de\/wp-content\/uploads\/2023\/10\/Berliner-Zeitung.jpg","contentUrl":"https:\/\/medienerbe-ddr.de\/wp-content\/uploads\/2023\/10\/Berliner-Zeitung.jpg","width":750,"height":600},{"@type":"BreadcrumbList","@id":"https:\/\/medienerbe-ddr.de\/index.php\/berliner-zeitung\/#breadcrumb","itemListElement":[{"@type":"ListItem","position":1,"name":"Startseite","item":"https:\/\/medienerbe-ddr.de\/"},{"@type":"ListItem","position":2,"name":"Berliner Zeitung"}]},{"@type":"WebSite","@id":"https:\/\/medienerbe-ddr.de\/#website","url":"https:\/\/medienerbe-ddr.de\/","name":"Das mediale Erbe der DDR","description":"Akteure, Aneignung, Tradierung","publisher":{"@id":"https:\/\/medienerbe-ddr.de\/#organization"},"potentialAction":[{"@type":"SearchAction","target":{"@type":"EntryPoint","urlTemplate":"https:\/\/medienerbe-ddr.de\/?s={search_term_string}"},"query-input":{"@type":"PropertyValueSpecification","valueRequired":true,"valueName":"search_term_string"}}],"inLanguage":"de"},{"@type":"Organization","@id":"https:\/\/medienerbe-ddr.de\/#organization","name":"Forschungsverbund Das mediale Erbe der DDR","url":"https:\/\/medienerbe-ddr.de\/","logo":{"@type":"ImageObject","inLanguage":"de","@id":"https:\/\/medienerbe-ddr.de\/#\/schema\/logo\/image\/","url":"https:\/\/medienerbe-ddr.de\/wp-content\/uploads\/2019\/03\/LogoDDR_27mm-hg-weiss.png","contentUrl":"https:\/\/medienerbe-ddr.de\/wp-content\/uploads\/2019\/03\/LogoDDR_27mm-hg-weiss.png","width":319,"height":305,"caption":"Forschungsverbund Das mediale Erbe der DDR"},"image":{"@id":"https:\/\/medienerbe-ddr.de\/#\/schema\/logo\/image\/"}}]}},"_links":{"self":[{"href":"https:\/\/medienerbe-ddr.de\/index.php\/wp-json\/wp\/v2\/pages\/1476","targetHints":{"allow":["GET"]}}],"collection":[{"href":"https:\/\/medienerbe-ddr.de\/index.php\/wp-json\/wp\/v2\/pages"}],"about":[{"href":"https:\/\/medienerbe-ddr.de\/index.php\/wp-json\/wp\/v2\/types\/page"}],"author":[{"embeddable":true,"href":"https:\/\/medienerbe-ddr.de\/index.php\/wp-json\/wp\/v2\/users\/4"}],"replies":[{"embeddable":true,"href":"https:\/\/medienerbe-ddr.de\/index.php\/wp-json\/wp\/v2\/comments?post=1476"}],"version-history":[{"count":9,"href":"https:\/\/medienerbe-ddr.de\/index.php\/wp-json\/wp\/v2\/pages\/1476\/revisions"}],"predecessor-version":[{"id":1765,"href":"https:\/\/medienerbe-ddr.de\/index.php\/wp-json\/wp\/v2\/pages\/1476\/revisions\/1765"}],"wp:attachment":[{"href":"https:\/\/medienerbe-ddr.de\/index.php\/wp-json\/wp\/v2\/media?parent=1476"}],"curies":[{"name":"wp","href":"https:\/\/api.w.org\/{rel}","templated":true}]}}