{"id":1463,"date":"2023-10-10T15:24:08","date_gmt":"2023-10-10T14:24:08","guid":{"rendered":"https:\/\/medienerbe-ddr.de\/?page_id=1463"},"modified":"2023-12-11T10:23:49","modified_gmt":"2023-12-11T09:23:49","slug":"ddr-im-film-ii","status":"publish","type":"page","link":"https:\/\/medienerbe-ddr.de\/index.php\/ddr-im-film-ii\/","title":{"rendered":"DDR im Film II"},"content":{"rendered":"\n<p><em>Projektleitung: Prof. Dr. Michael Meyen (LMU)<br>Bearbeiterin: Dr. des. Daria Gordeeva<\/em><\/p>\n\n\n<div class=\"wp-block-image\">\n<figure class=\"aligncenter size-large is-resized\"><img loading=\"lazy\" decoding=\"async\" width=\"1024\" height=\"748\" src=\"https:\/\/medienerbe-ddr.de\/wp-content\/uploads\/2023\/10\/C1-II-1024x748.jpg\" alt=\"\" class=\"wp-image-1404\" style=\"width:600px\" srcset=\"https:\/\/medienerbe-ddr.de\/wp-content\/uploads\/2023\/10\/C1-II-1024x748.jpg 1024w, https:\/\/medienerbe-ddr.de\/wp-content\/uploads\/2023\/10\/C1-II-300x219.jpg 300w, https:\/\/medienerbe-ddr.de\/wp-content\/uploads\/2023\/10\/C1-II-768x561.jpg 768w, https:\/\/medienerbe-ddr.de\/wp-content\/uploads\/2023\/10\/C1-II-1536x1122.jpg 1536w, https:\/\/medienerbe-ddr.de\/wp-content\/uploads\/2023\/10\/C1-II-624x456.jpg 624w, https:\/\/medienerbe-ddr.de\/wp-content\/uploads\/2023\/10\/C1-II.jpg 1549w\" sizes=\"auto, (max-width: 1024px) 100vw, 1024px\" \/><figcaption class=\"wp-element-caption\">Quelle: ddr-im-film.de (Screenshot)<\/figcaption><\/figure>\n<\/div>\n\n\n<p>Das Portal \u201e<a href=\"http:\/\/www.ddr-im-film.de\">Die DDR im Film<\/a>\u201c ist das Produkt der ersten F\u00f6rderphase. Es nimmt \u00fcber 100 Serien, Fernseh-, Kino- und Dokumentarfilme unter die Lupe, die die DDR nach 1990 bildlich weiterleben lie\u00dfen. Das Online-Handbuch fragt nicht nur nach der Handlung, der \u00c4sthetik oder dem Erfolg des Films beim Publikum, sondern auch nach den Beteiligten und der Position im Erinnerungsdiskurs. Die Einzelanalysen werden von Beitr\u00e4gen zum Forschungsstand, zum theoretischen Hintergrund sowie zum methodischen Vorgehen gerahmt. \u201eDie DDR im Film\u201c bietet Wissenschaft, Journalismus, P\u00e4dagogik und allgemein Interessierten eine Basis f\u00fcr eine fundierte Besch\u00e4ftigung mit der filmischen Darstellung des sozialistischen Staates.<br>Im der zweiten Projektphase m\u00f6chten wir die Vorteile einer digitalen Plattform nutzen und das Portal weiterentwickeln. Nach \u201eFilmportraits\u201c sollen zwei Bereiche in den Fokus ger\u00fcckt werden, die bisher nur rudiment\u00e4r bearbeitet wurden: \u201eAkteure\u201c und \u201eFeatures\u201c. Im Bereich \u201eAkteure\u201c werden Personen (Schauspiel, Regie, Drehbuch, Produktion) und Institutionen (Fernsehsender, Produktions- und Verleihfirmen) portraitiert. Neben biografischen Stationen\/Meilensteinen und der Filmografie bzw. dem Portfolio wird der DDR-Bezug des jeweiligen Akteurs explizit herausgearbeitet. Im Bereich \u201eFeatures\u201c werden Werk- und Netzwerkanalysen sowie thematisch ausgerichtete Blicke auf das Material ver\u00f6ffentlicht. Die Formate variieren von \u201eklassischen\u201c Aufs\u00e4tzen \u00fcber Video-Interviews bis hin zu Podcasts. In die Erstellung von Inhalten f\u00fcr das Portal werden auch k\u00fcnftig alle Wissenschaftsgenerationen sowie verschiedene Fachdisziplinen einbezogen.<\/p>\n","protected":false},"excerpt":{"rendered":"<p>Projektleitung: Prof. Dr. Michael Meyen (LMU)Bearbeiterin: Dr. des. Daria Gordeeva Das Portal \u201eDie DDR im Film\u201c ist das Produkt der ersten F\u00f6rderphase. Es nimmt \u00fcber 100 Serien, Fernseh-, Kino- und&#8230; <a href=\"https:\/\/medienerbe-ddr.de\/index.php\/ddr-im-film-ii\/\">Read more &raquo;<\/a><\/p>\n","protected":false},"author":4,"featured_media":0,"parent":0,"menu_order":0,"comment_status":"closed","ping_status":"closed","template":"page-templates\/full-width.php","meta":{"_acf_changed":false,"footnotes":""},"class_list":["post-1463","page","type-page","status-publish","hentry"],"acf":[],"yoast_head":"<!-- This site is optimized with the Yoast SEO plugin v27.2 - https:\/\/yoast.com\/product\/yoast-seo-wordpress\/ -->\n<title>DDR im Film II - Das mediale Erbe der DDR<\/title>\n<meta name=\"robots\" content=\"index, follow, max-snippet:-1, max-image-preview:large, max-video-preview:-1\" \/>\n<link rel=\"canonical\" href=\"https:\/\/medienerbe-ddr.de\/index.php\/ddr-im-film-ii\/\" \/>\n<meta property=\"og:locale\" content=\"de_DE\" \/>\n<meta property=\"og:type\" content=\"article\" \/>\n<meta property=\"og:title\" content=\"DDR im Film II - Das mediale Erbe der DDR\" \/>\n<meta property=\"og:description\" content=\"Projektleitung: Prof. Dr. Michael Meyen (LMU)Bearbeiterin: Dr. des. Daria Gordeeva Das Portal \u201eDie DDR im Film\u201c ist das Produkt der ersten F\u00f6rderphase. Es nimmt \u00fcber 100 Serien, Fernseh-, Kino- und... Read more &raquo;\" \/>\n<meta property=\"og:url\" content=\"https:\/\/medienerbe-ddr.de\/index.php\/ddr-im-film-ii\/\" \/>\n<meta property=\"og:site_name\" content=\"Das mediale Erbe der DDR\" \/>\n<meta property=\"article:modified_time\" content=\"2023-12-11T09:23:49+00:00\" \/>\n<meta property=\"og:image\" content=\"https:\/\/medienerbe-ddr.de\/wp-content\/uploads\/2023\/10\/C1-II-1024x748.jpg\" \/>\n<meta name=\"twitter:card\" content=\"summary_large_image\" \/>\n<meta name=\"twitter:label1\" content=\"Gesch\u00e4tzte Lesezeit\" \/>\n\t<meta name=\"twitter:data1\" content=\"2\u00a0Minuten\" \/>\n<script type=\"application\/ld+json\" class=\"yoast-schema-graph\">{\"@context\":\"https:\/\/schema.org\",\"@graph\":[{\"@type\":\"WebPage\",\"@id\":\"https:\/\/medienerbe-ddr.de\/index.php\/ddr-im-film-ii\/\",\"url\":\"https:\/\/medienerbe-ddr.de\/index.php\/ddr-im-film-ii\/\",\"name\":\"DDR im Film II - Das mediale Erbe der DDR\",\"isPartOf\":{\"@id\":\"https:\/\/medienerbe-ddr.de\/#website\"},\"primaryImageOfPage\":{\"@id\":\"https:\/\/medienerbe-ddr.de\/index.php\/ddr-im-film-ii\/#primaryimage\"},\"image\":{\"@id\":\"https:\/\/medienerbe-ddr.de\/index.php\/ddr-im-film-ii\/#primaryimage\"},\"thumbnailUrl\":\"https:\/\/medienerbe-ddr.de\/wp-content\/uploads\/2023\/10\/C1-II-1024x748.jpg\",\"datePublished\":\"2023-10-10T14:24:08+00:00\",\"dateModified\":\"2023-12-11T09:23:49+00:00\",\"breadcrumb\":{\"@id\":\"https:\/\/medienerbe-ddr.de\/index.php\/ddr-im-film-ii\/#breadcrumb\"},\"inLanguage\":\"de\",\"potentialAction\":[{\"@type\":\"ReadAction\",\"target\":[\"https:\/\/medienerbe-ddr.de\/index.php\/ddr-im-film-ii\/\"]}]},{\"@type\":\"ImageObject\",\"inLanguage\":\"de\",\"@id\":\"https:\/\/medienerbe-ddr.de\/index.php\/ddr-im-film-ii\/#primaryimage\",\"url\":\"https:\/\/medienerbe-ddr.de\/wp-content\/uploads\/2023\/10\/C1-II.jpg\",\"contentUrl\":\"https:\/\/medienerbe-ddr.de\/wp-content\/uploads\/2023\/10\/C1-II.jpg\",\"width\":1549,\"height\":1132},{\"@type\":\"BreadcrumbList\",\"@id\":\"https:\/\/medienerbe-ddr.de\/index.php\/ddr-im-film-ii\/#breadcrumb\",\"itemListElement\":[{\"@type\":\"ListItem\",\"position\":1,\"name\":\"Startseite\",\"item\":\"https:\/\/medienerbe-ddr.de\/\"},{\"@type\":\"ListItem\",\"position\":2,\"name\":\"DDR im Film II\"}]},{\"@type\":\"WebSite\",\"@id\":\"https:\/\/medienerbe-ddr.de\/#website\",\"url\":\"https:\/\/medienerbe-ddr.de\/\",\"name\":\"Das mediale Erbe der DDR\",\"description\":\"Akteure, Aneignung, Tradierung\",\"publisher\":{\"@id\":\"https:\/\/medienerbe-ddr.de\/#organization\"},\"potentialAction\":[{\"@type\":\"SearchAction\",\"target\":{\"@type\":\"EntryPoint\",\"urlTemplate\":\"https:\/\/medienerbe-ddr.de\/?s={search_term_string}\"},\"query-input\":{\"@type\":\"PropertyValueSpecification\",\"valueRequired\":true,\"valueName\":\"search_term_string\"}}],\"inLanguage\":\"de\"},{\"@type\":\"Organization\",\"@id\":\"https:\/\/medienerbe-ddr.de\/#organization\",\"name\":\"Forschungsverbund Das mediale Erbe der DDR\",\"url\":\"https:\/\/medienerbe-ddr.de\/\",\"logo\":{\"@type\":\"ImageObject\",\"inLanguage\":\"de\",\"@id\":\"https:\/\/medienerbe-ddr.de\/#\/schema\/logo\/image\/\",\"url\":\"https:\/\/medienerbe-ddr.de\/wp-content\/uploads\/2019\/03\/LogoDDR_27mm-hg-weiss.png\",\"contentUrl\":\"https:\/\/medienerbe-ddr.de\/wp-content\/uploads\/2019\/03\/LogoDDR_27mm-hg-weiss.png\",\"width\":319,\"height\":305,\"caption\":\"Forschungsverbund Das mediale Erbe der DDR\"},\"image\":{\"@id\":\"https:\/\/medienerbe-ddr.de\/#\/schema\/logo\/image\/\"}}]}<\/script>\n<!-- \/ Yoast SEO plugin. -->","yoast_head_json":{"title":"DDR im Film II - Das mediale Erbe der DDR","robots":{"index":"index","follow":"follow","max-snippet":"max-snippet:-1","max-image-preview":"max-image-preview:large","max-video-preview":"max-video-preview:-1"},"canonical":"https:\/\/medienerbe-ddr.de\/index.php\/ddr-im-film-ii\/","og_locale":"de_DE","og_type":"article","og_title":"DDR im Film II - Das mediale Erbe der DDR","og_description":"Projektleitung: Prof. Dr. Michael Meyen (LMU)Bearbeiterin: Dr. des. Daria Gordeeva Das Portal \u201eDie DDR im Film\u201c ist das Produkt der ersten F\u00f6rderphase. Es nimmt \u00fcber 100 Serien, Fernseh-, Kino- und... Read more &raquo;","og_url":"https:\/\/medienerbe-ddr.de\/index.php\/ddr-im-film-ii\/","og_site_name":"Das mediale Erbe der DDR","article_modified_time":"2023-12-11T09:23:49+00:00","og_image":[{"url":"https:\/\/medienerbe-ddr.de\/wp-content\/uploads\/2023\/10\/C1-II-1024x748.jpg","type":"","width":"","height":""}],"twitter_card":"summary_large_image","twitter_misc":{"Gesch\u00e4tzte Lesezeit":"2\u00a0Minuten"},"schema":{"@context":"https:\/\/schema.org","@graph":[{"@type":"WebPage","@id":"https:\/\/medienerbe-ddr.de\/index.php\/ddr-im-film-ii\/","url":"https:\/\/medienerbe-ddr.de\/index.php\/ddr-im-film-ii\/","name":"DDR im Film II - Das mediale Erbe der DDR","isPartOf":{"@id":"https:\/\/medienerbe-ddr.de\/#website"},"primaryImageOfPage":{"@id":"https:\/\/medienerbe-ddr.de\/index.php\/ddr-im-film-ii\/#primaryimage"},"image":{"@id":"https:\/\/medienerbe-ddr.de\/index.php\/ddr-im-film-ii\/#primaryimage"},"thumbnailUrl":"https:\/\/medienerbe-ddr.de\/wp-content\/uploads\/2023\/10\/C1-II-1024x748.jpg","datePublished":"2023-10-10T14:24:08+00:00","dateModified":"2023-12-11T09:23:49+00:00","breadcrumb":{"@id":"https:\/\/medienerbe-ddr.de\/index.php\/ddr-im-film-ii\/#breadcrumb"},"inLanguage":"de","potentialAction":[{"@type":"ReadAction","target":["https:\/\/medienerbe-ddr.de\/index.php\/ddr-im-film-ii\/"]}]},{"@type":"ImageObject","inLanguage":"de","@id":"https:\/\/medienerbe-ddr.de\/index.php\/ddr-im-film-ii\/#primaryimage","url":"https:\/\/medienerbe-ddr.de\/wp-content\/uploads\/2023\/10\/C1-II.jpg","contentUrl":"https:\/\/medienerbe-ddr.de\/wp-content\/uploads\/2023\/10\/C1-II.jpg","width":1549,"height":1132},{"@type":"BreadcrumbList","@id":"https:\/\/medienerbe-ddr.de\/index.php\/ddr-im-film-ii\/#breadcrumb","itemListElement":[{"@type":"ListItem","position":1,"name":"Startseite","item":"https:\/\/medienerbe-ddr.de\/"},{"@type":"ListItem","position":2,"name":"DDR im Film II"}]},{"@type":"WebSite","@id":"https:\/\/medienerbe-ddr.de\/#website","url":"https:\/\/medienerbe-ddr.de\/","name":"Das mediale Erbe der DDR","description":"Akteure, Aneignung, Tradierung","publisher":{"@id":"https:\/\/medienerbe-ddr.de\/#organization"},"potentialAction":[{"@type":"SearchAction","target":{"@type":"EntryPoint","urlTemplate":"https:\/\/medienerbe-ddr.de\/?s={search_term_string}"},"query-input":{"@type":"PropertyValueSpecification","valueRequired":true,"valueName":"search_term_string"}}],"inLanguage":"de"},{"@type":"Organization","@id":"https:\/\/medienerbe-ddr.de\/#organization","name":"Forschungsverbund Das mediale Erbe der DDR","url":"https:\/\/medienerbe-ddr.de\/","logo":{"@type":"ImageObject","inLanguage":"de","@id":"https:\/\/medienerbe-ddr.de\/#\/schema\/logo\/image\/","url":"https:\/\/medienerbe-ddr.de\/wp-content\/uploads\/2019\/03\/LogoDDR_27mm-hg-weiss.png","contentUrl":"https:\/\/medienerbe-ddr.de\/wp-content\/uploads\/2019\/03\/LogoDDR_27mm-hg-weiss.png","width":319,"height":305,"caption":"Forschungsverbund Das mediale Erbe der DDR"},"image":{"@id":"https:\/\/medienerbe-ddr.de\/#\/schema\/logo\/image\/"}}]}},"_links":{"self":[{"href":"https:\/\/medienerbe-ddr.de\/index.php\/wp-json\/wp\/v2\/pages\/1463","targetHints":{"allow":["GET"]}}],"collection":[{"href":"https:\/\/medienerbe-ddr.de\/index.php\/wp-json\/wp\/v2\/pages"}],"about":[{"href":"https:\/\/medienerbe-ddr.de\/index.php\/wp-json\/wp\/v2\/types\/page"}],"author":[{"embeddable":true,"href":"https:\/\/medienerbe-ddr.de\/index.php\/wp-json\/wp\/v2\/users\/4"}],"replies":[{"embeddable":true,"href":"https:\/\/medienerbe-ddr.de\/index.php\/wp-json\/wp\/v2\/comments?post=1463"}],"version-history":[{"count":8,"href":"https:\/\/medienerbe-ddr.de\/index.php\/wp-json\/wp\/v2\/pages\/1463\/revisions"}],"predecessor-version":[{"id":1538,"href":"https:\/\/medienerbe-ddr.de\/index.php\/wp-json\/wp\/v2\/pages\/1463\/revisions\/1538"}],"wp:attachment":[{"href":"https:\/\/medienerbe-ddr.de\/index.php\/wp-json\/wp\/v2\/media?parent=1463"}],"curies":[{"name":"wp","href":"https:\/\/api.w.org\/{rel}","templated":true}]}}